 the prime factors of b.
2
Let b(v) = -v**2 - 8*v - 2. Let k be b(-6). Let g be ((-46)/5)/(2/k). Let y = g + 68. List the prime factors of y.
2, 11
Let l(o) = 6*o**3 - 3*o**2 + 3*o - 3. Let g be l(2). Let q = g - 31. List the prime factors of q.
2
Suppose -c = 3*i - 4880, -4*i - 2298 + 8796 = -3*c. List the prime factors of i.
2, 3, 271
Let d(z) = z**3 - z**2 + z + 15. Let y(t) = -t**3 - 6*t**2 - 5*t. Let m be y(-5). List the prime factors of d(m).
3, 5
Let m(i) = 50*i**2 - 68*i - 36. What are the prime factors of m(11)?
2, 2633
Let t(c) be the first derivative of -17*c**4/4 + 2*c**3/3 + c**2/2 - 5. Let h be t(-1). Suppose 3*w = 4*z + h, 5*w - z - 30 = z. List the prime factors of w.
2, 3
What are the prime factors of 6/(4 + 2) - -3136?
3137
Let u be (-1 - 92/(-5)) + (-102)/(-170). Let w = -2 + u. What are the prime factors of w?
2
Suppose 4*b = a - 398, -2*a + 114 = -4*b - 674. What are the prime factors of a?
2, 3, 5, 13
Suppose -15*d - 858 = -21*d. What are the prime factors of d?
11, 13
Suppose 0 = 2*y - 3*y - 8. Let w = -4 - y. Suppose 4*f = -w*g + f + 33, -g + 5 = 4*f. What are the prime factors of g?
3
Let n be (-7 - (4 - 2)) + 2. Let l(g) = g**2 + 7*g + 8. List the prime factors of l(n).
2
Let g = -134 + 223. Suppose -4*q = -c - g, -78 = -4*q - 4*c + 6. What are the prime factors of q?
2, 11
Let q be -3 + 4*(-3)/(-12). Let s(d) = -10*d - 1. Let f(j) = -31*j - 3. Let w(a) = -4*f(a) + 14*s(a). List the prime factors of w(q).
2, 3, 5
Suppose 15 = -31*m + 36*m, 0 = 2*x + 4*m - 382. What are the prime factors of x?
5, 37
Let u(h) = 5*h + 0*h + 0*h + 2*h. Let x = -5 + 7. What are the prime factors of u(x)?
2, 7
Let x(s) = -59*s - 74. What are the prime factors of x(-14)?
2, 47
Let j = -208 - -328. What are the prime factors of j?
2, 3, 5
Let c = 27 + -19. Let o be (-8)/(-5) - (-22)/55. List the prime factors of (-4)/c - (-55)/o.
3
Suppose 0 = -3*o + 116 + 172. Suppose -5*k + 330 = s, s = 3*k - o - 94. What are the prime factors of k?
5, 13
Let y be 52/2*-13*(-3)/6. Let k = y - 54. List the prime factors of k.
5, 23
Suppose 0 = 33*g - 25*g - 1680. What are the prime factors of g?
2, 3, 5, 7
Suppose 5*h - 45 = 4*w, 0 = -h - 11*w + 16*w + 30. Suppose 2*a + 3*a = 0. Suppose a*t = -4*l + 3*t + 53, 4*l - h*t - 43 = 0. List the prime factors of l.
17
Let c = -28 - -34. Suppose -14*t = -c*t. Suppose 3*o + t*o = 192. What are the prime factors of o?
2
Suppose 3*t + 2*s = 4*t - 73, 0 = 4*s - 8. What are the prime factors of 1603/t - (-2)/11?
3, 7
What are the prime factors of 6 + -4 + 4*40?
2, 3
Let d(k) = -2*k - 6. Let t be ((-8)/(-12))/(10/(-45)). Let b be d(t). What are the prime factors of (8 - 11) + (b - -78)?
3, 5
Let p = -24 + 45. Suppose 0*x - 48 = 4*x. Let u = p + x. What are the prime factors of u?
3
Let f be (67 + -70)*((-4)/3)/2. Suppose 0 = -f*u + 5*i + 315, -648 = -4*u + 5*i - i. List the prime factors of u.
3, 5, 11
Let q(w) = w**3 + 11*w**2 + 14*w + 10. Let i = 53 - 62. What are the prime factors of q(i)?
2, 23
Let y(a) be the second derivative of -133*a**5/20 - a**4/12 - a**3/3 - a**2/2 + 5*a. List the prime factors of y(-1).
7, 19
Let j(h) = h**2 + 3*h - 2. Let d be (-3*2)/(18/12). Let t be j(d). What are the prime factors of 11*t - (-26)/(-13)?
2, 5
Suppose -q + 53 = 4*i, 5*q - 265 = 7*i - 2*i. Let l = 56 - q. List the prime factors of l.
3
Suppose 111 = 3*v + o, -24 = -2*v + v + 4*o. Let a = v + -2. What are the prime factors of a?
2, 17
Suppose 25 = n + 4*k, -4*k + 6*k = 4*n - 64. Let o = 6 + n. List the prime factors of o.
23
Let k(a) = 2*a - 17. Suppose 0 = 2*y + 2*t + 2*t - 32, 0 = 4*y + t - 36. Let z be k(y). What are the prime factors of (-34)/(-6) - z/3?
2, 3
Let t(f) = -f**2 + 16*f - 17. Let v be t(13). Suppose -6 + v = z. List the prime factors of z.
2
Suppose 0*f + 32301 = 37*f. What are the prime factors of f?
3, 97
Let r(a) = a**3 - 15*a**2 - 13*a + 83. List the prime factors of r(25).
2, 751
Suppose -4*w = -1149 - 1107. What are the prime factors of w?
2, 3, 47
Let f(p) = 4*p**2 + 2*p + 2. Let h be f(-1). Suppose 2 = -y, -h*y - 171 = -5*z + 257. Suppose 3*a - 4*w = -w + z, a = -4*w + 28. List the prime factors of a.
2, 7
Suppose 16*x - 5*x - 3399 = 0. What are the prime factors of x?
3, 103
Suppose 2*g - g + 2*s + 152 = 0, -4*g - 572 = -4*s. Let h = g - -226. Suppose 2*u + 2*u = h. List the prime factors of u.
2, 5
Suppose 3*q = 134 + 154. Let r be (-10)/35 + ((-8976)/(-14))/4. Suppose 3*f + w = q, -3*w - w - r = -5*f. What are the prime factors of f?
2
Suppose 26*q + 15 = 31*q. Suppose -3*k - q*a + 240 = a, 4*k = 3*a + 345. What are the prime factors of k?
2, 3, 7
Let f be (-14)/2 - (4 + -5). Let n be (3 - 0) + f/2. Suppose n = -5*l + 2*l + 60. List the prime factors of l.
2, 5
Suppose 0 = -32*x + 34*x - 6. What are the prime factors of (3/(x/(-2)))/((-21)/105)?
2, 5
Let j = 154 + 108. List the prime factors of j.
2, 131
Suppose -5 - 19 = -3*j. Suppose 3*z + 12 = 0, 2*m - 3*z + j*z = 120. What are the prime factors of m?
2, 5, 7
Let a = 2 + -4. Let v be 6 + a - (4 + -2). List the prime factors of 25/2*v - 1.
2, 3
Suppose -16 = 2*h - 4. Let p(y) = -y**3 - 7*y**2 - 6*y + 3. Let t be p(h). Suppose t*j = 6*j - 21. List the prime factors of j.
7
Suppose -3*d + 363 = n - 1021, -2*n = -2. List the prime factors of d.
461
Let o(j) = j + 4. Let w be o(0). Let g be 4 + w/(0 + 4). Suppose 0 = -2*s + g*s - 156. What are the prime factors of s?
2, 13
Let o be (-147 - -144)*(-3)/((-18)/4). Let l(u) = 5*u - 6. Let s(p) = -4*p + 5. Let h(j) = 2*l(j) + 3*s(j). List the prime factors of h(o).
7
Let m(l) = 5*l - 23. Suppose -1 = 3*u - 2*q - 11, -u = 2*q - 14. Suppose 2*x - u*x = -44. List the prime factors of m(x).
2
Suppose -4*t - 2*l + 6 = 0, 2*l + 1 + 5 = 2*t. Suppose t*c - 143 = c. Suppose c = 3*r - 4*j, -r - 43 = -2*r - j. List the prime factors of r.
3, 5
Let g(l) = -42*l - 339. What are the prime factors of g(-32)?
3, 5, 67
Let m = -579 - -995. Suppose -2*g = 6*g - m. What are the prime factors of g?
2, 13
Let j be (32/(-10))/(3/(-30)). Let f = -30 + j. List the prime factors of f.
2
List the prime factors of (-1)/12 - (394845/(-36))/11.
997
Let q = 143 + 1167. What are the prime factors of q?
2, 5, 131
Suppose 157 + 93 = 5*j. Let c = j - -21. Suppose 4*u - c = 125. What are the prime factors of u?
7
Suppose 0 = -10*j - 8*j + 16344. List the prime factors of j.
2, 227
Suppose 0 = r + 5 + 14. Let o = -14 - r. List the prime factors of 74/o - (-5)/25.
3, 5
Suppose -2*j + 228 = -3*g - 934, -2*g - 1748 = -3*j. What are the prime factors of j?
2, 73
Let r = 660 - -23. What are the prime factors of r?
683
Suppose -5*d + 11555 = 5*q, -3*d - 2*q + 2516 = -4412. What are the prime factors of d?
2, 1153
Let w(m) = -m**3 + 2*m**2 + 4*m - 3. Let l be w(-6). Suppose -4*v + 715 = -l. What are the prime factors of v?
2, 61
Suppose 4 = -4*o + 2*z, 3*o = -0*o + 3*z - 6. Suppose 0 = 2*q + 4*v - 12, 4*q - 5*v - 11 = -0*q. Suppose q*i = -o*i + 132. List the prime factors of i.
3, 11
What are the prime factors of (0 - -1)*(1674 + -12)?
2, 3, 277
Let z be (-1 - 1)/((-4)/138). Suppose -p = -2 - 64. Suppose 0 = -4*x - n + z, 2*n + p = -x + 5*x. List the prime factors of x.
17
Let t(l) = l + 7. Let s be t(-5). Let i be (21/35)/(s/10). Suppose 4*n = 2*b + 182, -5*n + 181 = -n - i*b. What are the prime factors of n?
2, 23
Suppose c - 58 - 25 = 0. What are the prime factors of c?
83
Let f be (-9)/(-3) + 3 + -1. Let j = 60 + f. What are the prime factors of j?
5, 13
Let d = 12 - 24. Let k = d + 13. List the prime factors of ((-145)/10)/(k/(-2)).
29
Let h(t) = 0*t**2 - 1 - 5 + 3*t**2 + 8*t. Suppose -9*a = 33 + 21. List the prime factors of h(a).
2, 3
List the prime factors of (-1 - -9)/((-4)/((-1260)/9)).
2, 5, 7
What are the prime factors of (-2*(-39)/4)/((-12)/(-1760))?
2, 5, 11, 13
Let c(o) = 63*o**3 - 8*o**2 - o + 4. List the prime factors of c(3).
2, 5, 163
Suppose -3*v + 6*v - 12 = 0. Let f be v/(-10) - (-8)/20. Suppose -o + 1 = 0, -4*y - 2*o + 35 + 43 = f. What are the prime factors of y?
19
Let m = 187 - 50. List the prime factors of m.
137
Suppose 3*n + 2*s = 11, 4*n - 14 = -5*s + 10. What are the prime factors of n/(5/1) + (-399)/(-5)?
2, 5
Suppose 328*p + 2804 = 4*b + 326*p, -2802 = -4*b + 3*p. List the prime factors of b.
2, 3, 13
Let p(j) = 